st the prime factors of 3826055.
5, 765211
List the prime factors of 182159.
182159
List the prime factors of 29606487.
3, 9868829
What are the prime factors of 997643?
43, 23201
List the prime factors of 302596.
2, 7, 101, 107
List the prime factors of 358826.
2, 13, 37, 373
List the prime factors of 29088163.
13, 2237551
List the prime factors of 1122476.
2, 17, 971
What are the prime factors of 4829891?
11, 439081
What are the prime factors of 1208068?
2, 79, 3823
List the prime factors of 2128321.
13, 53, 3089
What are the prime factors of 4140189?
3, 37, 12433
What are the prime factors of 178314?
2, 3, 113, 263
What are the prime factors of 2944247?
17, 173191
List the prime factors of 6932192.
2, 17, 12743
List the prime factors of 115250.
2, 5, 461
List the prime factors of 2006980.
2, 5, 23, 4363
List the prime factors of 13971715.
5, 2794343
What are the prime factors of 20378043?
3, 7, 107, 3023
What are the prime factors of 8543316?
2, 3, 17, 41879
What are the prime factors of 1831718?
2, 7, 18691
What are the prime factors of 307503?
3, 7, 1627
List the prime factors of 9624931.
541, 17791
What are the prime factors of 977485?
5, 195497
What are the prime factors of 7797836?
2, 1949459
What are the prime factors of 21371172?
2, 3, 43, 83, 499
What are the prime factors of 293573?
7, 17, 2467
List the prime factors of 500029.
500029
List the prime factors of 486531.
3, 54059
What are the prime factors of 3081116?
2, 19, 71, 571
List the prime factors of 77883.
3, 13, 1997
What are the prime factors of 4542484?
2, 163, 6967
List the prime factors of 2035350.
2, 3, 5, 4523
What are the prime factors of 5715247?
17, 23, 47, 311
What are the prime factors of 390907?
11, 35537
List the prime factors of 2715994.
2, 887, 1531
What are the prime factors of 7944262?
2, 83, 47857
List the prime factors of 605184.
2, 3, 197
What are the prime factors of 1695728?
2, 105983
What are the prime factors of 849229?
23, 36923
List the prime factors of 11032442.
2, 5516221
What are the prime factors of 6091515?
3, 5, 135367
What are the prime factors of 2556217?
2556217
What are the prime factors of 526112?
2, 41, 401
List the prime factors of 317334.
2, 3, 52889
List the prime factors of 2600885.
5, 7, 74311
What are the prime factors of 22207563?
3, 7, 31, 83, 137
List the prime factors of 253286.
2, 11, 29, 397
List the prime factors of 511513.
17, 30089
What are the prime factors of 2437765?
5, 11, 127, 349
What are the prime factors of 242741?
67, 3623
What are the prime factors of 20471045?
5, 7, 487, 1201
List the prime factors of 577564.
2, 13, 29, 383
What are the prime factors of 2892797?
2892797
What are the prime factors of 12244165?
5, 17, 23, 6263
What are the prime factors of 8870099?
7, 1267157
List the prime factors of 18628624.
2, 7, 23761
What are the prime factors of 33442?
2, 23, 727
List the prime factors of 2661131.
11, 241921
What are the prime factors of 8280653?
8280653
What are the prime factors of 201991?
73, 2767
List the prime factors of 97268.
2, 24317
List the prime factors of 6591438.
2, 3, 7, 52313
What are the prime factors of 28847575?
5, 509, 2267
List the prime factors of 79676.
2, 19919
What are the prime factors of 211102?
2, 59, 1789
List the prime factors of 21110617.
11, 17, 79, 1429
List the prime factors of 1198437.
3, 83, 4813
What are the prime factors of 1653136?
2, 277, 373
What are the prime factors of 7808159?
179, 181, 241
What are the prime factors of 18739656?
2, 3, 13, 20021
List the prime factors of 280169.
29, 9661
List the prime factors of 36536304.
2, 3, 7, 108739
What are the prime factors of 183646?
2, 91823
List the prime factors of 3178478.
2, 1589239
What are the prime factors of 65395?
5, 11, 29, 41
What are the prime factors of 14209742?
2, 73, 97327
What are the prime factors of 3436556?
2, 113, 7603
What are the prime factors of 42623?
7, 6089
What are the prime factors of 1064717?
53, 20089
List the prime factors of 1742896.
2, 97, 1123
What are the prime factors of 1316876?
2, 11, 173
What are the prime factors of 1150060?
2, 5, 57503
List the prime factors of 867954.
2, 3, 144659
List the prime factors of 303345.
3, 5, 7, 107
What are the prime factors of 9814598?
2, 521, 9419
List the prime factors of 609081.
3, 11, 18457
List the prime factors of 1157166.
2, 3, 2381
What are the prime factors of 2652028?
2, 663007
What are the prime factors of 5495163?
3, 127, 14423
What are the prime factors of 140455?
5, 7, 4013
List the prime factors of 9351135.
3, 5, 19, 10937
List the prime factors of 1087415.
5, 7, 31069
List the prime factors of 1202482.
2, 601241
List the prime factors of 888087.
3, 389, 761
What are the prime factors of 490676?
2, 241, 509
List the prime factors of 476774.
2, 223, 1069
List the prime factors of 31951289.
449, 71161
What are the prime factors of 17976252?
2, 3, 7, 214003
What are the prime factors of 215706?
2, 3, 35951
What are the prime factors of 1654011?
3, 37, 4967
List the prime factors of 49151.
23, 2137
List the prime factors of 1618938.
2, 3, 53, 1697
List the prime factors of 1200755.
5, 240151
What are the prime factors of 554215?
5, 199, 557
What are the prime factors of 5919811?
19, 311569
What are the prime factors of 1868367?
3, 389, 1601
What are the prime factors of 209006?
2, 7, 14929
What are the prime factors of 188801?
188801
List the prime factors of 2377791.
3, 13, 20323
List the prime factors of 83290.
2, 5, 8329
List the prime factors of 1057331.
11, 19, 5059
List the prime factors of 2673776.
2, 7, 23873
List the prime factors of 2833390.
2, 5, 7, 17, 2381
What are the prime factors of 191450?
2, 5, 7, 547
What are the prime factors of 19180148?
2, 13, 17, 1669
What are the prime factors of 1290371?
1290371
What are the prime factors of 3880244?
2, 970061
What are the prime factors of 900897?
3, 300299
What are the prime factors of 1882172?
2, 17, 89, 311
What are the prime factors of 37183289?
11, 13, 260023
List the prime factors of 2776275.
3, 5, 457
List the prime factors of 244244.
2, 7, 11, 13, 61
What are the prime factors of 1481729?
23, 2801
List the prime factors of 1446058.
2, 723029
What are the prime factors of 26595051?
3, 7, 1266431
What are the prime factors of 1587385?
5, 73, 4349
List the prime factors of 130557.
3, 7, 6217
List the prime factors of 1952036.
2, 488009
What are the prime factors of 633028?
2, 11, 14387
List the prime factors of 9698565.
3, 5, 646571
What are the prime factors of 4912615?
5, 79, 12437
List the prime factors of 3369822.
2, 3, 23, 24419
What are the prime factors of 4071009?
3, 1357003
List the prime factors of 1906851.
3, 635617
What are the prime factors of 3211048?
2, 401381
List the prime factors of 2665048.
2, 333131
What are the prime factors of 5433216?
2, 3, 14149
What are the prime factors of 6042451?
6042451
What are the prime factors of 2984095?
5, 17, 35107
List the prime factors of 18597312.
2, 3, 83, 389
What are the prime factors of 13067312?
2, 23, 35509
What are the prime factors of 7809632?
2, 109, 2239
What are the prime factors of 1040200?
2, 5, 7, 743
What are the prime factors of 157696?
2, 7, 11
What are the prime factors of 2780458?
2, 197, 7057
List the prime factors of 11549608.
2, 7, 31, 6653
What are the prime factors of 157847?
29, 5443
What are the prime factors of 47475?
3, 5, 211
What are the prime factors of 1092153?
3, 73, 4987
List the prime factors of 3716614.
2, 11, 168937
What are the prime factors of 252101?
252101
What are the prime factors of 7495?
5, 1499
What are the prime factors of 29082152?
2, 11, 97, 3407
What are the prime factors of 4565905?
5, 29, 31489
What are the prime factors of 220894?
2, 19, 5813
What are the prime factors of 272840?
2, 5, 19, 359
What are the prime factors of 18643256?
2, 19, 122653
What are the prime factors of 13911122?
2, 53, 263, 499
List the prime factors of 3923719.
17, 230807
List the prime factors of 185113.
17, 10889
What are the prime factors of 2197274?
2, 19, 53, 1091
List the prime factors of 22324522.
2, 11, 179, 5669
What are the prime factors of 237787?
11, 21617
List the prime factors of 1502625.
3, 5, 4007
What are the prime factors of 3683558?
2, 1841779
What are the prime factors of 